pose 4*s - 1117 = -0*s + 3*x, -1 = -x. Suppose 2*k = 30*k + s. Let g(o) = -o**2 - 7*o + 23. Determine g(k).
-7
Let i(v) = -62 - 14*v - 2*v**3 + v**3 + 10*v**2 - 78 + 171. Determine i(9).
-14
Let k be 9/(-6)*-1*(4046/21)/(-17). Let v(i) = i**3 + 16*i**2 - 16*i + 8. Calculate v(k).
-9
Let d(j) = 2*j - 83. Suppose -340 + 43 = -41*a + 8*a. Calculate d(a).
-65
Let d(u) = -u**3 + 5*u**2 + 3*u - 2. Let w be d(5). Let f(q) = -1 - q**2 - 1 - w*q + 2*q + q. Suppose 2*l - 4*g = -20, -2*l + 5*g - 20 = 10*g. Determine f(l).
-2
Let x = -25 + 37. Let d be (x/2)/((-1)/24). Let j be ((-1)/(-2))/(6/d*-6). Let w(h) = h**2 - 3*h + 1. Calculate w(j).
-1
Let g(z) be the first derivative of z**2/2 - 8*z + 71. Suppose -16 + 47 = 2*p + 5*u, -p + 14 = 2*u. What is g(p)?
0
Suppose 38 = 8*x + 22. Let b(s) = 5*s - 5*s**2 + 5 - 16*s**x + 22*s**2. Determine b(-5).
5
Let l(x) be the first derivative of -1/2*x**2 + 10*x - 79. Determine l(8).
2
Suppose 22*t = -65 - 265. Let n be 2196/270 + 2/t. Let j(f) = -f**3 + 8*f**2 + 4*f + 2. Calculate j(n).
34
Let m be -7*(320/70 + (-10 - -3)). Let j(q) = 8*q - 136. Calculate j(m).
0
Let s be 1*(-3 + 7) - (-3)/3. Suppose 38 + 2 = -3*m + s*d, 16 = -m + 3*d. Let k(q) = -q**2 - 9*q + 9. Determine k(m).
-1
Let j(h) = -9*h**3 + h**2 - h. Suppose 8*f + 11 = 5*n + 7*f, 3*n - 3*f - 21 = 0. What is j(n)?
-9
Let n(k) = -1164*k + 2323. Let j be n(2). Let z(s) = s**3 + 5*s**2 + 9*s + 15. What is z(j)?
-30
Let u be 8/18 + (-351)/243. Let i be (-3 - 0) + -8 + 15. Let r(x) = x - i*x + x. Calculate r(u).
2
Let m be ((-4)/1)/((-2)/(-16)*4). Let h(u) = -u**2 - 10*u - 8. Let g(x) = 4*x**2 + 40*x + 32. Let q(o) = -2*g(o) - 9*h(o). Give q(m).
-8
Let a be -2*(0 + (-6)/4). Let v be ((-7)/14)/((-4 + 6)/(-8)). Let m(b) = -4*b**3 - 28*b**2 + 31*b**2 + 3*b**3 - b + v. Calculate m(a).
-1
Let h(m) = m**3 + 6*m**2 + 6*m + 7. Let t(z) = -z**2 + 13*z - 20. Let b be t(5). Suppose 3*f + 19 = -2*k, -k + 0*k - b = 5*f. Give h(k).
2
Let s = 457/4 + -1367/12. Let c(z) be the second derivative of -s*z**3 + 0 + 11*z - 1/12*z**4 - 3/2*z**2 - 1/20*z**5. What is c(-2)?
5
Let s(p) = 147*p**2 + 6*p - 5. Let x(v) = -42*v**2 + 4327*v - 102. Let b be x(103). Determine s(b).
148
Let l(u) = -5*u**3 + u**2 + u. Let o be l(-1). Suppose -2*v - 2*v - i = 13, -5*v + o*i - 35 = 0. Let h(f) = f**2 + 2*f - 5. What is h(v)?
3
Let b(d) = -d**3 - 5*d**2 + 6*d. Let f(h) = 3*h + 15. Let x be (-6)/(-4)*1/(3/6). Let j be f(x). Let a be (-160)/j - 2*1/(-3). Calculate b(a).
0
Let k(m) = m**2 + 3*m + 4. Let y = 30 + -21. Let o(c) be the second derivative of -c**3/6 + 3*c**2 + 2*c - 2. Let h be o(y). Give k(h).
4
Let b be 1 + -1 + 1 + -1 + (-24)/(-72). Let l(g) be the second derivative of b*g**3 + 4*g**2 + 0 - g. What is l(6)?
20
Let i = 629 - 621. Let b(z) = -11*z + 5*z + 10*z + 2 - 1 + i*z. What is b(4)?
49
Let g(l) = 16 + 1039*l**3 - l**2 - 11*l + 13*l**2 - 1040*l**3. Calculate g(10).
106
Let i(u) = -u**2 + 4*u - 3. Suppose 330*q - 366*q = -72. Determine i(q).
1
Let x = -4 - -1. Suppose 0 = -193*h + 187*h + 12. Let n(c) = -h*c + 4*c + 63 - 125 - c + 68. What is n(x)?
3
Let k(o) = 4562 + 22*o - 2279 - 13*o - 2280 + 19*o. Give k(-1).
-25
Let x(j) = -2*j**3 + 6*j + 3. Let z(u) = -58*u + 520. Let f be z(9). What is x(f)?
7
Let l(o) be the second derivative of o**4/3 + 2*o**3/3 + 2*o**2 - 3087*o. Calculate l(-2).
12
Let i = 48 - 24. Suppose 62*y = 70*y + i. Let q(g) be the third derivative of -g**6/120 - g**5/20 - g**4/12 + 2*g**3/3 + g**2. What is q(y)?
10
Let r(t) = -t**3 - 10*t**2 - 17*t - 1. Let v = 124 - 132. Calculate r(v).
7
Let h = 283 - 297. Let j(m) = -2*m**3 - 27*m**2 + 14*m + 11. Give j(h).
11
Suppose -5*a + 5 = 5*w, a - 31 = 394*w - 390*w. Let d(v) = -v**3 + 8*v**2 - 4*v - 31. What is d(a)?
-10
Let c(y) = -6*y - 22. Let r(u) = u**3 - 141*u**2 + 542*u + 807. Let k be r(137). Calculate c(k).
68
Let q(f) be the first derivative of -f**5/20 - 23*f**2/2 + 11. Let s(b) be the second derivative of q(b). Suppose -16*l = -10*l + 6. What is s(l)?
-3
Let y(n) = -57*n + 168. Let f(u) = -7*u + 21. Let q(c) = -33*f(c) + 4*y(c). What is q(12)?
15
Let t(z) = -z**3 + 19*z**2 + 21*z + 16. Suppose -234*k + 975 + 2229 + 1476 = 0. Calculate t(k).
36
Suppose 2*j + 4*i = 3*j - 10, -4*j - 3*i = -40. Suppose 4 = k + j. Let d(g) = -g + 7. Give d(k).
13
Let h(w) be the second derivative of w**5/20 - 7*w**4/12 - 5*w**3/3 - w**2/2 + 254*w. Determine h(7).
-71
Let j(d) = -d - 10. Let w be j(-5). Let i(x) = 3. Let c(u) = u + 4. Suppose -4*t - 10 = t. Let q(y) = t*i(y) + 3*c(y). Calculate q(w).
-9
Let z(v) = 10 + 6*v**3 + 9*v**2 - 14*v**2 + 3*v + 0*v**2. Let o(m) = -7*m**3 + 6*m**2 - 4*m - 12. Let b(l) = 4*o(l) + 5*z(l). What is b(2)?
12
Let z(p) = p**3 - p**2 - 17*p - 18. Let c be z(-3). Let j(o) = 3*o**2 - 2*o - 2. Give j(c).
31
Let u(w) be the second derivative of -w**3/6 - w**2 + w - 1223. Give u(6).
-8
Let a(c) = -2*c**2 + 11*c + 4. Let r(j) = 2*j**2 + 15*j - 57. Let u be r(3). Determine a(u).
-2
Let a = 381 + -862. Let s = a - -475. Let n(x) = -x**2 - 4*x - 15. Give n(s).
-27
Let f(v) = 8*v + 43. Let o be f(-14). Let t = -72 - o. Let k(x) = -2*x + 9*x + 24 - 26. What is k(t)?
-23
Suppose 0 = -134*t - 78*t + 848. Let v(m) = 160*m - 641. What is v(t)?
-1
Let j(b) = -b + 52. Let t(k) = -4*k + 220. Let u(l) = 25*j(l) - 6*t(l). Give u(-7).
-13
Let q(b) = 2*b**3 + 116*b**2 + 3*b + 176. Let k be q(-58). Let t(s) be the second derivative of 1/12*s**4 - 2/3*s**3 + 29*s - 5/2*s**k + 0. What is t(4)?
-5
Let m(c) = -c + 4. Let d(j) = -j**3 - 3*j**2 - 4*j - 62. Suppose 0 = -45*b - 74 - 151. Let t be d(b). Calculate m(t).
-4
Suppose -244 + 5 = -3*q + 2*v, v - 433 = -5*q. Let c(r) = -r**2 + 89. Let a be c(0). Let u = q - a. Let p(z) = -z**3 - 6*z**2 - 6*z. Determine p(u).
-8
Let n(o) = -6*o + 0*o**3 + 7*o**2 + o**3 + 4 - 2*o**3. Let s(f) = -34 - 2*f - 19 + 13. Let z be s(-23). What is n(z)?
4
Suppose -19 = 2*d - 9. Let b(l) be the first derivative of 2*l**3/3 + 5*l**2/2 + 7*l + 456. Determine b(d).
32
Let v(b) = b**2 - 8*b + 9. Let r be v(7). Let d(h) = 2*h**2 + h + 2*h**r - 1 + h**3 - 3. Suppose -3*t = -n + 17, 5*t + 6 = t - 2*n. Determine d(t).
-8
Suppose 0 = 4*h - 9*h + 25. Suppose 12 = -4*o + 3*c, -h*o = -5*c + 17 + 3. Suppose o = -0*k - k + 3. Let i(t) = 2*t**3 - 3*t**2 - 4*t. Determine i(k).
15
Suppose -81*g + 16 = 2*m - 85*g, 22 = 4*m - 3*g. Let l(f) = -f**2 - 2*f + 17. Calculate l(m).
-7
Let v be -1 + 5 + 0 + 0/(-18). Let s(i) = i**2 - 11*i + 11 - 2*i**2 + v*i - 2*i. Let g be 4/(2 - (-12)/(-5)). Give s(g).
1
Let m(a) be the third derivative of 3*a**4/8 + a**3/6 - 2271*a**2. Give m(5).
46
Let j(p) = p - 1. Suppose 10*c - 3 = 13*c. Let f(h) = -h**2 - 11*h - 20. Let y(d) = c*f(d) + 3*j(d). Let z be (-2)/(1 - (-10)/(-12)). Give y(z).
-7
Let n(h) be the second derivative of 4*h**7/105 + h**6/360 + 151*h**3/6 + 56*h + 2. Let r(w) be the second derivative of n(w). Give r(-1).
-31
Let o(m) = m**3 - 10*m**2 - 11*m - 5. Let l(y) = -y**3 + 13*y**2 + 14*y + 5. Let u(c) = -6*l(c) - 7*o(c). Calculate u(-4).
-31
Let h(t) be the third derivative of t**6/120 + t**5/30 - t**4/12 - 2*t**3 + 13*t**2 + 15*t. Calculate h(0).
-12
Let w(u) = -3*u + 1. Suppose d - 10 = -5*c, 2 = 4*c - 2. Let p(l) = 2*l. Let s(j) = d*w(j) + 7*p(j). Determine s(9).
-4
Let t(x) = -6*x - 13 + 16 - 7*x + x + 19. Determine t(2).
-2
Let a(i) = -24*i + 144. Let l = 270 - 264. Let o be a(l). Let s(g) = g**3 + g**2 - g + 5. Calculate s(o).
5
Let o(x) be the second derivative of 4*x + x**2 - 1/12*x**4 - 1/20*x**5 + 1/2*x**3 + 32. What is o(-2)?
0
Let i be (16/(-20))/(4/30). Let z(y) = -3*y**3 - 11*y**2 + 16*y - 12. Let j(x) = 10*x**3 + 37*x**2 - 54*x + 37. Let k(q) = -4*j(q) - 13*z(q). Calculate k(i).
-4
Let z(c) = 72*c + 5 - 217*c + 72*c + 70*c. Calculate z(2).
-1
Let d(c) = -46*c**2 - 13*c - 34. Let v(w) = 37*w**2 + 11*w + 33. Let j(g) = 4*d(g) + 5*v(g). Determine j(0).
29
Let j be (42 + -43)/(1/(-5)). Let m(g) = 7*g + 20. Let b(x) = 6*x + 16. Let k(u) = -4*b(u) + 3*m(u). Determine k(j).
-19
Suppose 27*w - 15197 = -14981. Let p(k) = 2*k**2 - 13*k - 27. Give p(w).
-3
Let t(m) be the first derivative of 1/2*m**2 - 49 + m + 4/3*m**3. What is t(-2)?
15
Let k = 4394 + -4410. Let m(r) = -9*r - 139. What is m(k)?
5
Suppose 0 = 6*a - 4486 + 1534. Suppose 2*z = -522 + a. Let l(o) 